What is the units digit of a?
6
Suppose 2*v - v - 3*t = -73, 2*t - 70 = v. Let p = v - -94. Suppose 0 = -5*q - 10 + p. What is the units digit of q?
4
Let i(q) = q**2 - 3*q + 2. Let n be i(3). Suppose -3*x = -4*x + n. Suppose -x*u = -6*u + 8. What is the units digit of u?
2
Let d(b) = -3*b - 10. Suppose 3*x - 16 + 52 = 0. What is the tens digit of d(x)?
2
Let i = -4 - -3. Let x be 2 + (-1)/i*3. Suppose -2*y - 15 = -x*y. What is the units digit of y?
5
Suppose -18 = -4*o + 3*l - 5*l, 20 = 5*o + 2*l. Suppose v = 2*c + 10, 8*v = 3*v + 5*c + 45. Suppose -o*j - 2*j = -v. What is the units digit of j?
2
Suppose 5*v = -1 + 16. Suppose -2*j - 70 = -5*y, 2*y + 14 = v*y - 4*j. Suppose -7 = -3*r + y. What is the units digit of r?
7
Let h be (-21)/6*4/(-7). Suppose -2*q + 4*q - h = -2*c, 12 = 4*c + 2*q. What is the units digit of c?
5
Let b(o) = 2*o - 2 + 15 + 2*o - 3*o. What is the units digit of b(-11)?
2
Suppose 0 = 3*a - 1 - 5. Let j(o) = -16 - 5*o**2 - 7*o + 6*o**a + 3 + 0*o. What is the units digit of j(9)?
5
Let o(j) = 21*j - 15. What is the units digit of o(4)?
9
What is the tens digit of (1 + -130)/(3/12*-4)?
2
What is the tens digit of (0 + 13/3)/(1/6)?
2
Let d(h) = -h**3 - h. Let t(o) = 0*o - o - 5*o**2 + 2*o**2. Let y be t(-1). What is the tens digit of d(y)?
1
Let g(n) be the second derivative of n**5/20 - n**4 + 11*n**3/6 + 7*n**2/2 - 3*n. What is the units digit of g(11)?
7
Let s be 1 + (-3)/3 + 5. Let t(c) = c**2 - 6*c + 6. What is the units digit of t(s)?
1
Suppose 3*b + 14 = i, -5*i - 5*b = 7 + 3. Let l = -33 - -51. Suppose 0 = -i*m + l - 0. What is the units digit of m?
9
Suppose 4*z - 9 = -3*f, z - 3*z + 5*f = -11. Suppose -15 = z*n + 4*r - r, n - 3*r = -1. Let k = n + 6. What is the units digit of k?
2
Let f(h) = -h**2 + 13*h + 9. Suppose 3*y - 6 = -2*q + 27, -3*y - 3 = -2*q. What is the tens digit of f(q)?
4
Suppose 4*g - 49 + 164 = x, 3*x + 4*g = 409. What is the units digit of x?
1
Let j(g) = -28*g - 4. What is the units digit of j(-2)?
2
Suppose -2*d - 3*d - 60 = 0. What is the units digit of (22/4)/((-6)/d)?
1
Suppose 5*f - 10 = -0*f. Let k be 6/f - 0/(-9). Suppose -k*x + x + 20 = 0. What is the units digit of x?
0
Let v(z) = -6*z**3 - 3*z**2 + z + 3. What is the tens digit of v(-2)?
3
Let m(h) = -2*h**3 - 7*h**2 - 11*h - 3. What is the units digit of m(-4)?
7
Let d(t) = 4*t**2 - 4*t - 3. Suppose o = -3*o - 8. What is the tens digit of d(o)?
2
What is the tens digit of (-17 - 6)/((-1)/3)?
6
Let o(j) = -113*j + 1. What is the units digit of o(-1)?
4
Let k = -55 + 75. Suppose 5*p = 3*z + 17 - 62, -24 = -3*z - 2*p. Let y = k - z. What is the tens digit of y?
1
Suppose 2*m = 2 - 16. What is the units digit of 29 - (-3 + (-1 - m))?
6
Let k be 3/(-2)*(-3 - -1). Let z be (8/10)/(1/5). Suppose z*f = -j - 0 - k, 4*f = -4*j. What is the units digit of j?
1
Let a be 1*(2/2 + 1). Suppose 5*c + 2*p = 281, 6*c = c + 5*p + 295. Suppose 3*y = 3*w - 0*y - 27, -c = -5*w + a*y. What is the tens digit of w?
1
Let r be (4/10)/(2/10). Suppose -r*b - b = 0. Suppose 3 = -2*l - m + 6*m, l - 4*m + 9 = b. What is the tens digit of l?
1
Suppose 3*h - 7 - 5 = 0. Let d(n) = -n**3 + 4*n**2 + 3*n + 1. What is the units digit of d(h)?
3
Suppose -4*k + 4 + 8 = 0. Suppose 0 = -k*j + 5*o + 30, 1 = -4*j - o + 41. What is the units digit of j?
0
Suppose 0 = 5*f - f + 28. Let v = 11 + f. Let q(g) = -g**3 + 4*g**2 + 3*g - 6. What is the units digit of q(v)?
6
Suppose 2*h - 25 - 23 = 0. Suppose -4*z = 6*c - 2*c - h, 3*c + 17 = 4*z. What is the units digit of c?
1
Suppose 5*i - 350 = b + b, b - 5 = 0. What is the units digit of i?
2
Suppose -6*i - 518 - 76 = 0. What is the units digit of (14/21)/((-2)/i)?
3
Let f be (1 - 0) + 3 + 0. Suppose 2*u - f = 6. What is the units digit of u?
5
Let t = -2 + 9. Suppose -t - 9 = -2*g. What is the units digit of g - (2 - 4) - 1?
9
Let c(l) = l**3 - 7*l**2 + 3. Let x be c(7). Suppose 3*f = -5*z + 84, 0*z + 78 = 4*z - x*f. What is the units digit of z?
8
What is the tens digit of (-3)/(2/((-136)/12))?
1
Let v(y) = -3*y - 1. Let d be v(7). Let u = d + 33. Suppose 4*h - u = -5*r, -4*r + 3 + 13 = 5*h. What is the units digit of h?
4
Let n(h) = h**3 - 8*h**2 + 2*h + 9. Let y be n(7). Let d be (-1)/2 - y/4. Suppose -2*r + d = -0*r. What is the units digit of r?
3
Let b(c) = -c**2 + c + 6. Let x(z) = -z + 1. Let g(s) = b(s) - 6*x(s). Let q be g(7). Let n = 3 + q. What is the units digit of n?
3
Let j(o) = 30*o - 18. What is the units digit of j(6)?
2
Suppose 4*t - 12 + 28 = 0. What is the units digit of 3*((13 - t) + -2)?
5
Let q(b) = 7*b**3 + 11*b**2 - 3*b - 6. Let d(c) = -c**3 - c**2 + 1. Let f(m) = -6*d(m) - q(m). What is the tens digit of f(-6)?
1
Suppose -2*s - 340 = -0*t - 2*t, 5*t + 5*s - 810 = 0. What is the tens digit of t?
6
Suppose 4*n = 344 + 740. What is the hundreds digit of n?
2
Suppose 11 = 3*f - 1. Let l(m) = -m**2 + 1. Let n(a) = -a**3 + 5*a**2 - a + 4. Let i(q) = f*l(q) + n(q). What is the units digit of i(0)?
8
Let m = 19 - -47. What is the tens digit of m?
6
Suppose -2 = -4*h + 2. What is the tens digit of h - (-5*7 + -3)?
3
Let h(k) = k**3 - 8*k**2 + 7*k + 3. Let u be h(7). What is the units digit of -1 + (24/u - 2)?
5
Let s(l) = l**3 + 5*l**2 - 4*l + 2. What is the tens digit of s(-5)?
2
Let c(p) = 3 + 8*p**2 + 5*p - p**3 - 7*p + 4. Let n be c(8). Let o = -1 - n. What is the units digit of o?
8
What is the tens digit of (0/3 - 2) + 86?
8
Let g(d) = 20*d - 12. What is the hundreds digit of g(7)?
1
Suppose 4*t = 77 + 183. Suppose 2*o = -11 + t. What is the units digit of o?
7
Suppose 7 = c - 20. Let x = -16 + c. What is the tens digit of x?
1
Suppose 7*t = 4*t + 15. What is the tens digit of -4 + -3 + t - -44?
4
Suppose 0 = 2*w - 5*w + 300. What is the tens digit of w?
0
Let z(j) = 3*j**2 - 2*j - 4. What is the units digit of z(3)?
7
Let x = -10 + 249. What is the hundreds digit of x?
2
What is the tens digit of 7 - 9 - (-2)/((-4)/(-70))?
3
Suppose -5*k + 10*k + 2*q - 32 = 0, -k - 3*q = -9. Suppose k*s - 9*s + 138 = 0. What is the tens digit of s?
4
Let l(h) = 0*h**2 + 2*h**2 + 1 - 2*h + 3*h**2 - h**3. Suppose -10 = w - 6*w. What is the units digit of l(w)?
9
Let h = -58 - -33. Let l = h - -44. Suppose -3*p = -4 + l, 0 = -d + 4*p + 36. What is the units digit of d?
6
Suppose 3*r - 2 - 1 = 0. What is the tens digit of -4 + r - (-15 + -4)?
1
Suppose 0 = 4*g - 3*k - 47, 2*k + 25 = 5*g + 5*k. Let l = 1 + g. What is the units digit of l?
9
Suppose 0 = 4*a - 3*c - 1329, -a - 1328 = -5*a + 4*c. What is the tens digit of a?
3
Let x be 20/(-6) + (-1)/(-3). What is the units digit of (26/(-6))/(1/x)?
3
Let s(m) = m**3 + 2*m - 3. Suppose 4*w + 5*l + 17 = -0*l, 3*l = 5*w - 25. What is the units digit of s(w)?
9
Let b be 3/(-3 + 14/4). Suppose -2 = -2*v + b. What is the units digit of v?
4
Let f = -75 - -147. Let o be (f/(-16))/((-3)/(-8)). Let d = -4 - o. What is the units digit of d?
8
What is the units digit of (8/(-20))/((-1)/5)?
2
Suppose o + 29 = 3*t - 3*o, 2*t - 5*o = 17. Suppose 0 = -5*b + t + 9. Suppose 0 = -b*x + 2*x + 20. What is the tens digit of x?
1
Suppose -x + 13 = 3*d, -2*d - 5 = -3*x + 1. Suppose 15 = 5*q, -6*h - 2*q + 33 = -d*h. What is the units digit of h?
9
Suppose 7*y = 11*y + 172. Let d = -27 - y. What is the tens digit of d?
1
Suppose 10 = -2*w, -13 = -2*q - 3*w + 4*w. Let h = q - -4. What is the units digit of h?
8
Let f = 4 - -22. Let l = -16 + f. What is the units digit of l?
0
Let s = 63 + -36. What is the units digit of s?
7
Suppose -15*f - 172 = -19*f. What is the tens digit of f?
4
Let y(n) = 6*n**2 - 7. What is the tens digit of y(-3)?
4
Suppose 2*h = -4*w + 62, 5*w - 3*h = -14 + 97. Suppose w = -2*y - 0*y. Let z = 17 + y. What is the units digit of z?
9
Suppose 42 = 5*x - 53. What is the units digit of x?
9
Let t(n) = n**3 + 5*n**2 - n - 2. What is the tens digit of t(-4)?
1
Let q(r) = r**2 + 3*r. What is the units digit of q(4)?
8
Let l(i) = -3*i - 2 + 3*i - i - i. What is the units digit of l(-3)?
4
Let d(i) = i + 3. Let z be d(-3). Suppose -4*l + 24 = -z*l. What is the units digit of l?
6
Let o = 16 + -31. Let c be (1/(-2))/((-1)/(-20)). Let j = c - o. What is the units digit of j?
5
Suppose 4*c - 162 = 130. What is the units digit of c?
3
Suppose -226 = -7*h + 68. What is the units digit of 